 144*t**2. What is j(-4)?
-16
Let z(g) = 17. Let n(r) = -32*r + 280. Let s(p) = n(p) - 9*z(p). What is s(4)?
-1
Let y = -11578 - -11578. Let h(b) = b**2 + 0*b**2 - 4 - 2*b**2 + 1. What is h(y)?
-3
Let n(p) be the third derivative of p**6/40 - p**5/60 - p**4/12 - p**3/6 + 2*p**2. Let v be (6 - 8*9/9) + 0 + 1. Give n(v).
-3
Let q be 11/(-2) + ((-14)/4 - -3). Let v(j) = 11*j - 4*j + 8 + 17*j - 17*j. What is v(q)?
-34
Let h(x) be the second derivative of 0 - 1/2*x**3 - 2*x - 5/2*x**2. Give h(-4).
7
Suppose 2*c = -3*n + 581, -n = -0*n + 4*c - 207. Suppose 117 = -22*w - n. Let x(a) = -a - 13. Determine x(w).
1
Let s = 226 + -224. Let v(k) = 6 + s*k - 9 + 1 - k. What is v(8)?
6
Suppose 4*u - 2252 = -5*q - 0*q, -5*q - 1096 = -2*u. Suppose 10*l - u = -158. Let s(p) = -5*p**2 + 35 - p**3 - l - 3*p**2. What is s(-8)?
-5
Suppose 3*z = 2*r + 15, -r = 4*z - 2*r - 25. Let t(n) = 3 + z - 30*n + 44*n - 26*n - n**2. Calculate t(-9).
37
Suppose -2*j - 4*l = -4, 5*l = 4*j + 19 - 66. Suppose 0 = -j*v + 3*v - 5. Let q(b) = -6*b**2 - b - 1 - 7*b**2 + b**2 + 4*b**2. Determine q(v).
-8
Let a(n) = 2*n + 2. Suppose -74 = 4*r - 194. Suppose -5*q - 4*y - 11 + 1 = 0, 5*q - r = 4*y. Calculate a(q).
6
Let s be 40/7 - -6*(-5)/(-105). Let h(b) = s*b - 70*b**2 - 1 + 141*b**2 + b - 70*b**2. Determine h(-7).
-1
Let b be 62/10 - (-1382)/(-6910). Let n(u) be the first derivative of -u**4/12 + 5*u**3/6 - u**2/2 - 1. Let i(p) be the second derivative of n(p). Give i(b).
-7
Let f(y) = 30 + 9 - 2*y - 31 - 3*y**2 + 3*y**2 - y**2. Give f(-5).
-7
Let n(x) be the third derivative of -17*x**4/12 - 13*x**3/6 - 124*x**2. Let y(b) = -3*b - 1. Let s(p) = 2*n(p) - 22*y(p). Give s(0).
-4
Let r = 53 + -50. Let m(o) = -551*o**r + 5 - 4 + 1101*o**3 - 545*o**3 - 2*o**2. Suppose 5 = 2*w + 3*w. Give m(w).
4
Let i(s) = -s**2 + s. Let d be i(0). Let m(p) be the second derivative of -p**5/20 + p**3/6 + 6*p**2 + 269*p. Give m(d).
12
Let o(t) = -5*t**3 + t**2 - t - 1. Let j(b) = -11*b**3 + 19*b**2 - 2*b + 14. Let r(f) = j(f) - 2*o(f). Determine r(17).
16
Let b(v) = v**3 - 15*v**2 - 2*v + 33. Let h be b(15). Let y(o) = -o - h + o - 6*o + 4*o. Give y(5).
-13
Suppose 1388 = 5*l - 2*j - 2*j, 5*l = 5*j + 1390. Let k be ((-5)/(-10))/(277/l + -1). Let s = k - 140. Let v(c) = -5*c - 1. Give v(s).
9
Let c(z) be the third derivative of z**6/120 - 3*z**5/10 + 19*z**4/24 - 37*z**3/6 - 1236*z**2. What is c(17)?
-3
Let l = -14577 - -14591. Let k(z) = -z**2 + 17*z - 49. Calculate k(l).
-7
Let j(z) = 389*z - 32498*z**2 + 32499*z**2 - 394*z + 4. Let s be 1 - (-1)/1 - -3. Suppose -4*q + 18 = 2*v, 13 + 7 = 5*q + s*v. What is j(q)?
4
Let j(n) = -7*n**2 + 29*n - 22. Let y(v) = -19*v**2 + 85*v - 67. Let s(c) = -11*j(c) + 4*y(c). Give s(-22).
-4
Let z = 1680 - 1684. Let a(r) be the second derivative of r**6/360 + 7*r**5/120 + r**4/6 - 3*r**3/2 - 9*r. Let c(s) be the second derivative of a(s). Give c(z).
-8
Suppose u = 20 + 21. Let p = -48 + u. Let t(i) = i**3 + 7*i**2 + 4. Give t(p).
4
Let l = 2 + -8. Let t be 4/(-3)*(0 - 6/4). Let m(v) = -6*v - 3*v**2 + 4 - 4 + 2*v**2 - t. Calculate m(l).
-2
Let j(c) = -2*c**2 - 5*c - 8. Let f be (3/(-2))/(14/196). Let x be (-8)/(-28) + 48/f. Determine j(x).
-6
Let l(y) = -2*y**3 - 9*y**2 - 5*y + 3. Let u = 579 + -591. Let n be u/(-4) + 0/(-1) + -7. What is l(n)?
7
Let d be (-1)/((1 + -2)/(-5)). Let c(t) = -4*t**2 - 13*t - 7. Let l(j) = -11*j**2 - 37*j - 20. Let k = -172 + 169. Let y(p) = k*l(p) + 8*c(p). Give y(d).
-6
Let r(v) = -5*v + 5 - 16 + 6 + 9. Determine r(-11).
59
Let w(y) = -y**3 - 15*y**2 - 18*y - 61. Let g be w(-14). Let x(k) = k**2 - 7*k + 2. Determine x(g).
62
Let n(h) = 12*h - 54. Let r = -11522 - -11528. Calculate n(r).
18
Let b(v) be the second derivative of -v**3/3 - 7*v**2/2 - 23*v. Suppose 2*j - 38 = -x + 108, -3*j + 2*x = -205. Let p = j - 77. Give b(p).
5
Let t(c) be the second derivative of -c**5/20 + c**4/3 - 2*c**3/3 - c**2/2 - 26180*c. Suppose -5*d = -0*n - n + 18, -5*n + 27 = -4*d. Calculate t(n).
-4
Suppose 22*d + 14*d - 12 = 30*d. Let n(s) = -4 - s**2 + 3 + 3 - s - s**3. Determine n(d).
-12
Let m(q) = 2*q - 30. Let l(y) = y**3 - 3*y**2 + 42*y - 251. Let w be l(5). Determine m(w).
-12
Let u(q) = -q**3 + 32*q**2 - 63*q + 69. Let l = 18950 + -18920. Determine u(l).
-21
Let g(i) = -22*i**3 + 41*i**2 - 64*i + 23. Let d(y) = -5*y**3 + 10*y**2 - 16*y + 6. Let o(z) = -9*d(z) + 2*g(z). Calculate o(7).
55
Let r(o) = 4*o + 47. Let m be r(-1). Suppose -2*b = -5*v + m, -v - 3 = -2*v - b. Let j(z) = 4*z - 21. Give j(v).
7
Suppose 8945 = 401*l - 1481. Let k(i) = i**3 - 27*i**2 + 25*i + 16. What is k(l)?
-10
Let q(u) = 2*u + 1. Let x(c) be the second derivative of -c**4/12 + 3*c**3/2 - 6*c**2 - 48*c. Let p be x(2). Calculate q(p).
5
Let q(o) = o**3 + 7*o**2 - 8*o - 8. Let r(d) = -2*d + 66. Let k be r(11). Suppose 4*w - 4*b + 40 = 0, 2*w + 3*w - 2*b = -k. Give q(w).
-8
Let y(l) = -244 + 244 + l. Let h = 8 - 6. Suppose h*q - 12 = -4*r, 5*q = 3*q + 5*r + 12. Determine y(q).
6
Let r = 98 - 140. Let y = -37 - r. Suppose -y*n + 5 + 41 = -3*i, -i - 5*n = -18. Let j(a) = a**3 + 7*a**2 - a + 5. Determine j(i).
12
Let b(s) = -s**2 - 4*s. Let j be b(-6). Let a(v) = v**2 + 22*v + 10. Let i(c) = -c**2 - 24*c - 11. Let h(p) = 6*a(p) + 5*i(p). Calculate h(j).
5
Let d(a) = -52 - 1170*a - 1164*a + 2332*a. Give d(-29).
6
Let x(y) = -317*y + 7291. Let r be x(23). Let v(w) = -w**3 - 6*w**2 - 7*w - 2. Let q(l) = -2*l**3 - 13*l**2 - 15*l - 5. Let n(g) = 6*q(g) - 13*v(g). Give n(r).
-4
Suppose 7*d - 3*d - 804 = -4*o, -3*d = -2*o + 412. Let z = 195 - o. Let x(y) = -y**2 - 7*y + 6. Give x(z).
-2
Let i(d) be the third derivative of d**5/20 - d**2 + 30. Let g(b) = -b**3 + 3*b**2 + 5*b - 6. Let a be g(4). What is i(a)?
12
Let s(x) be the second derivative of -1/6*x**3 + x**2 - 120*x + 0. What is s(-1)?
3
Let o(i) = -46*i**2 - 39*i - 314. Let m(z) = 33*z**2 + 26*z + 214. Let a(b) = 7*m(b) + 5*o(b). Calculate a(17).
-4
Let v(l) = l**3 + 8*l**2 + 8*l + 4. Suppose 2*q - 22 = 2*f, 4*f + 3*q + 9 = -0*f. What is v(f)?
28
Let w(a) = a**3 + 7*a**2 + 9*a + 6. Suppose -4*o - 20 = 0, -7*v = -10*v - 4*o - 35. Determine w(v).
11
Let f(t) = -27*t**2 - 44*t - 40. Let c(m) = -15*m**2 - 26*m - 20. Let n(b) = 7*c(b) - 4*f(b). Give n(6).
92
Let o(m) = m + 18. Suppose 4*l = 2*v + 36, 2*v + 4*l - 6 = v. Let b be o(v). Let q(s) = 4*s - s - 7 + b. What is q(6)?
19
Let w(b) = 56*b**2 - 25*b + 116. Let q(x) = -67*x**2 + 26*x - 118. Let y(h) = -5*q(h) - 6*w(h). Calculate y(13).
-15
Let a(p) = 10*p + 3 + 1112*p**3 - 25*p - 10*p**2 - 1113*p**3. Calculate a(-8).
-5
Let u = 6822 - 6820. Let k(c) = -9*c**3 + 5*c**2 - 3*c + 4. What is k(u)?
-54
Let i(d) be the first derivative of -2*d**3/3 + 21*d**2 + 19*d - 1127. Determine i(22).
-25
Let n(b) = b - 3. Let i(j) = j**3 + 5*j**2 - 3*j - 11. Let l be i(-5). Suppose 3*w + 110 = a, 0*w + 447 = l*a - 5*w. Let c = 116 - a. Calculate n(c).
0
Suppose 3*s - 3 = 18. Suppose 4*y + 2*w = -w + 1, 0 = -2*y - 3*w - s. Let a(c) be the first derivative of -c**2/2 - 4*c + 2. Give a(y).
-8
Let t(g) = -63 + 156 - 9*g + 64 - 40 + 77. Calculate t(22).
-4
Let d(u) = -u**3 + 6*u**2 + 8*u - 9. Let r be 12 + 10/(-6)*(30 - 27). Determine d(r).
-2
Suppose -3*m = 16 - 22. Let y(a) = 3 - a**3 + 41*a - 36*a + 5*a**m - a**2 - 9. Let w = -11 + 15. Determine y(w).
14
Let a(c) = -c**3 - 12*c**2 + 16*c + 39. Let n be 180/2790 + 405/(-31). Determine a(n).
0
Suppose 475 = -37*a + 179. Let t(d) = 0*d**2 + 2*d**3 - 5*d**3 - 7*d**2 - 13 + 2*d**3 + 6*d. Calculate t(a).
3
Let g(z) = z - 26. Let t be g(33). Let i(h) = -8*h**2 - 7*h + 29. Let c(p) = -7*p**2 - 6*p + 27. Let q(d) = t*c(d) - 6*i(d). Calculate q(0).
15
Let k(v) be the third derivative of v**4/12 - 5*v**3/6 + 45*v**2 - 6. Let n = -8 + 4. Give k(n).
-13
Let r(v) = 3*v + 7. Let n be 10*(-10)/30*12/(-10). Let x(i) = 2*i + 8. Let k(w) = n*r(w) - 5*x(w). Give k(7).
2
Let o = 1313 + -1328. Let j(a) = -a**3 - 14*a**2 + 12*a - 32. What is j(o)?
13
Suppose -5*g + 8 = -17. Suppose g*o - 28 = 32. Suppose o = -13*b + 16*b. Let d(a) = -a**2 + 5. What is d(b)?
-11
Let v(o) = 4*o**2 + 11*o + 11. Let g(d) = -5*d**2 - 12*d - 11. Let y(b) = -5*g(b) - 6*v(b). Let k = 11130 - 11122. What is y(k)?
5
Let h = -5 - -9. Suppose -5*c + 0*c + 4*n + 119 = 0, c - 4*n - 27 = 0. Suppose h*p - c = -o, 